{"id":618,"date":"2024-03-07T23:23:53","date_gmt":"2024-03-08T02:23:53","guid":{"rendered":"https:\/\/teste.dgestilomoda.com.br\/?post_type=product&#038;p=618"},"modified":"2024-03-13T18:41:35","modified_gmt":"2024-03-13T21:41:35","slug":"vestido-3","status":"publish","type":"product","link":"https:\/\/teste.dgestilomoda.com.br\/index.php\/produto\/vestido-3\/","title":{"rendered":"vestido"},"content":{"rendered":"<p>O vestido Tiffany, \u00e9 confeccionado em alfaiataria premium. Possui recortes em toda a sua extens\u00e3o. Na cintura, possui uma leve abertura, com franja de strass dando todo charme e ditando tend\u00eancia para essa esta\u00e7\u00e3o.<\/p>\n","protected":false},"excerpt":{"rendered":"<p>O vestido Tiffany, \u00e9 confeccionado em alfaiataria premium. Possui recortes em toda a sua extens\u00e3o. Na cintura, possui uma leve abertura, com franja de strass dando todo charme e ditando tend\u00eancia para essa esta\u00e7\u00e3o.<\/p>\n","protected":false},"featured_media":655,"comment_status":"open","ping_status":"closed","template":"","meta":[],"product_cat":[32],"product_tag":[],"_links":{"self":[{"href":"https:\/\/teste.dgestilomoda.com.br\/index.php\/wp-json\/wp\/v2\/product\/618"}],"collection":[{"href":"https:\/\/teste.dgestilomoda.com.br\/index.php\/wp-json\/wp\/v2\/product"}],"about":[{"href":"https:\/\/teste.dgestilomoda.com.br\/index.php\/wp-json\/wp\/v2\/types\/product"}],"replies":[{"embeddable":true,"href":"https:\/\/teste.dgestilomoda.com.br\/index.php\/wp-json\/wp\/v2\/comments?post=618"}],"wp:featuredmedia":[{"embeddable":true,"href":"https:\/\/teste.dgestilomoda.com.br\/index.php\/wp-json\/wp\/v2\/media\/655"}],"wp:attachment":[{"href":"https:\/\/teste.dgestilomoda.com.br\/index.php\/wp-json\/wp\/v2\/media?parent=618"}],"wp:term":[{"taxonomy":"product_cat","embeddable":true,"href":"https:\/\/teste.dgestilomoda.com.br\/index.php\/wp-json\/wp\/v2\/product_cat?post=618"},{"taxonomy":"product_tag","embeddable":true,"href":"https:\/\/teste.dgestilomoda.com.br\/index.php\/wp-json\/wp\/v2\/product_tag?post=618"}],"curies":[{"name":"wp","href":"https:\/\/api.w.org\/{rel}","templated":true}]}}